d by 321.
319
Calculate the remainder when 950623 is divided by 12845.
93
Calculate the remainder when 16512494 is divided by 2358926.
12
Calculate the remainder when 51234 is divided by 783.
339
Calculate the remainder when 2239101 is divided by 261.
243
Calculate the remainder when 401248 is divided by 5422.
20
Calculate the remainder when 1342623 is divided by 223765.
33
What is the remainder when 94662406 is divided by 11858?
11850
Calculate the remainder when 196541 is divided by 397.
26
Calculate the remainder when 9759872 is divided by 61.
55
What is the remainder when 58545 is divided by 3903?
0
What is the remainder when 263937 is divided by 1353?
102
Calculate the remainder when 724080 is divided by 180686.
1336
What is the remainder when 3390153 is divided by 582?
3
Calculate the remainder when 299585619 is divided by 10.
9
Calculate the remainder when 77123953 is divided by 383.
9
What is the remainder when 881230 is divided by 688?
590
What is the remainder when 68589 is divided by 4028?
113
Calculate the remainder when 163704099 is divided by 135.
129
What is the remainder when 46206966 is divided by 169?
0
Calculate the remainder when 98771 is divided by 1254.
959
What is the remainder when 5664224 is divided by 3?
2
What is the remainder when 136660 is divided by 26896?
2180
What is the remainder when 1349411 is divided by 449773?
92
What is the remainder when 1466575 is divided by 146655?
25
What is the remainder when 1807219 is divided by 317?
2
What is the remainder when 37421 is divided by 1136?
1069
What is the remainder when 11684607 is divided by 832?
831
What is the remainder when 42701134 is divided by 63?
49
Calculate the remainder when 38603 is divided by 2019.
242
Calculate the remainder when 33013298 is divided by 131.
119
What is the remainder when 82765 is divided by 4136?
45
What is the remainder when 1026295 is divided by 4686?
61
What is the remainder when 16729016 is divided by 416?
408
Calculate the remainder when 6521923 is divided by 9264.
67
Calculate the remainder when 815493 is divided by 116490.
63
Calculate the remainder when 35826 is divided by 328.
74
What is the remainder when 346633 is divided by 990?
133
What is the remainder when 457143 is divided by 109?
106
Calculate the remainder when 4843619 is divided by 6.
5
What is the remainder when 2504449826 is divided by 10271?
10270
What is the remainder when 360780 is divided by 120224?
108
Calculate the remainder when 85624 is divided by 1486.
922
What is the remainder when 1411797 is divided by 3602?
3415
Calculate the remainder when 2415 is divided by 534.
279
Calculate the remainder when 75556757 is divided by 35.
17
Calculate the remainder when 83437796 is divided by 19.
18
What is the remainder when 4478603 is divided by 4098?
3587
Calculate the remainder when 178035 is divided by 88997.
41
Calculate the remainder when 89096763 is divided by 262.
257
Calculate the remainder when 348842 is divided by 245.
207
What is the remainder when 1783429 is divided by 533?
11
What is the remainder when 7009575 is divided by 5986?
5955
What is the remainder when 186128 is divided by 26571?
131
Calculate the remainder when 619075 is divided by 47620.
15
What is the remainder when 65398603 is divided by 2743?
2740
What is the remainder when 3194 is divided by 2846?
348
What is the remainder when 249799145 is divided by 215716?
17
Calculate the remainder when 183181 is divided by 15252.
157
Calculate the remainder when 95440068 is divided by 105.
3
Calculate the remainder when 200683 is divided by 40117.
98
Calculate the remainder when 15629477 is divided by 10968.
77
Calculate the remainder when 26346005 is divided by 8781997.
14
Calculate the remainder when 327368 is divided by 5.
3
Calculate the remainder when 704016 is divided by 476.
12
Calculate the remainder when 179666000 is divided by 11.
8
Calculate the remainder when 667359 is divided by 716.
47
Calculate the remainder when 6501088 is divided by 10675.
13
What is the remainder when 2397933 is divided by 2410?
2393
What is the remainder when 48125 is divided by 3201?
110
What is the remainder when 109086054 is divided by 4799?
4784
What is the remainder when 722524 is divided by 11?
0
Calculate the remainder when 7048141 is divided by 69.
67
What is the remainder when 34031 is divided by 312?
23
What is the remainder when 858807 is divided by 344?
183
Calculate the remainder when 3226055 is divided by 50407.
7
What is the remainder when 265663 is divided by 3965?
8
Calculate the remainder when 7881015 is divided by 11.
10
Calculate the remainder when 117280192 is divided by 621.
616
What is the remainder when 283841 is divided by 16682?
247
What is the remainder when 8826 is divided by 161?
132
Calculate the remainder when 311120 is divided by 167.
166
Calculate the remainder when 24996 is divided by 165.
81
What is the remainder when 17824847 is divided by 13807?
10
Calculate the remainder when 290389 is divided by 1639.
286
What is the remainder when 6274449 is divided by 83659?
24
Calculate the remainder when 12067742 is divided by 51.
20
What is the remainder when 3810544 is divided by 4763?
144
Calculate the remainder when 103317 is divided by 1360.
1317
Calculate the remainder when 255138 is divided by 9812.
26
Calculate the remainder when 4247611 is divided by 530950.
11
What is the remainder when 215017 is divided by 449?
395
Calculate the remainder when 7647709 is divided by 35.
34
What is the remainder when 100452 is divided by 692?
112
What is the remainder when 5391815 is divided by 37?
27
What is the remainder when 501067 is divided by 83510?
7
Calculate the remainder when 65895175 is divided by 7321686.
1
What is the remainder when 48724 is divided by 47?
32
Calculate the remainder when 217035 is divided by 2435.
320
What is the remainder when 1827765 is divided by 2380?
2305
What is the remainder when 764197 is divided by 382078?
41
What is the remainder when 23300 is divided by 10795?
1710
Calculate the remainder when 60304615 is divided by 20101530.
25
What is the remainder when 204410137 is divided by 1210?
1207
What is the remainder when 105600 is divided by 52632?
336
Calculate the remainder when 104173 is divided by 4526.
75
Calculate the remainder when 103568010 is divided by 254.
18
Calculate the remainder when 632262 is divided by 12391.
321
What is the remainder when 5031485 is divided by 18?
17
Calculate the remainder when 1116836 is divided by 218.
22
What is the remainder when 329741 is divided by 53106?
11105
Calculate the remainder when 7032809 is divided by 219775.
9
What is the remainder when 95762 is divided by 2081?
36
What is the remainder when 10446867 is divided by 42?
39
Calculate the remainder when 2147940 is divided by 715938.
126
Calculate the remainder when 674561 is divided by 674089.
472
What is the remainder when 50750 is divided by 16547?
1109
Calculate the remainder when 546457 is divided by 3904.
3801
Calculate the remainder when 2545540 is divided by 23.
15
Calculate the remainder when 23533 is divided by 23359.
174
What is the remainder when 19229 is divided by 578?
155
Calculate the remainder when 7456192 is divided by 394.
136
What is the remainder when 6511351 is divided by 131?
127
Calculate the remainder when 897887 is divided by 81577.
540
What is the remainder when 1317679 is divided by 4?
3
What is the remainder when 2802571 is divided by 114?
109
What is the remainder when 35311857 is divided by 5446?
5439
Calculate the remainder when 41404 is divided by 3833.
3074
What is the remainder when 14210645 is divided by 23220?
5
What is the remainder when 2815818 is divided by 237?
21
Calculate the remainder when 82686 is divided by 11603.
1465
Calculate the remainder when 1183243 is divided by 1183132.
111
What is the remainder when 97081615 is divided by 29?
26
What is the remainder when 2173240 is divided by 807?
796
What is the remainder when 15448258 is divided by 444?
166
Calculate the remainder when 22876776 is divided by 11438386.
4
Calculate the remainder when 27047626 is divided by 114.
100
What is the remainder when 560139 is divided by 2404?
7
Calculate the remainder when 490926 is divided by 76.
42
Calculate the remainder when 18